{"version":"1.0","provider_name":"F&amp;H Group","provider_url":"https:\/\/fh-group.dk\/de\/","author_name":"Kaspar Rudbech","author_url":"https:\/\/fh-group.dk\/de\/author\/kara\/","title":"Interne Umweltkommunikation - F&amp;H Group","type":"rich","width":600,"height":338,"html":"<blockquote class=\"wp-embedded-content\" data-secret=\"FVHLCTotLD\"><a href=\"https:\/\/fh-group.dk\/de\/interne-umweltkommunikation\/\">Interne Umweltkommunikation<\/a><\/blockquote><iframe sandbox=\"allow-scripts\" security=\"restricted\" src=\"https:\/\/fh-group.dk\/de\/interne-umweltkommunikation\/embed\/#?secret=FVHLCTotLD\" width=\"600\" height=\"338\" title=\"&#8220;Interne Umweltkommunikation&#8221; &#8212; F&amp;H Group\" data-secret=\"FVHLCTotLD\" frameborder=\"0\" marginwidth=\"0\" marginheight=\"0\" scrolling=\"no\" class=\"wp-embedded-content\"><\/iframe><script type=\"text\/javascript\">\n\/* <![CDATA[ *\/\n\/*! This file is auto-generated *\/\n!function(d,l){\"use strict\";l.querySelector&&d.addEventListener&&\"undefined\"!=typeof URL&&(d.wp=d.wp||{},d.wp.receiveEmbedMessage||(d.wp.receiveEmbedMessage=function(e){var t=e.data;if((t||t.secret||t.message||t.value)&&!\/[^a-zA-Z0-9]\/.test(t.secret)){for(var s,r,n,a=l.querySelectorAll('iframe[data-secret=\"'+t.secret+'\"]'),o=l.querySelectorAll('blockquote[data-secret=\"'+t.secret+'\"]'),c=new RegExp(\"^https?:$\",\"i\"),i=0;i<o.length;i++)o[i].style.display=\"none\";for(i=0;i<a.length;i++)s=a[i],e.source===s.contentWindow&&(s.removeAttribute(\"style\"),\"height\"===t.message?(1e3<(r=parseInt(t.value,10))?r=1e3:~~r<200&&(r=200),s.height=r):\"link\"===t.message&&(r=new URL(s.getAttribute(\"src\")),n=new URL(t.value),c.test(n.protocol))&&n.host===r.host&&l.activeElement===s&&(d.top.location.href=t.value))}},d.addEventListener(\"message\",d.wp.receiveEmbedMessage,!1),l.addEventListener(\"DOMContentLoaded\",function(){for(var e,t,s=l.querySelectorAll(\"iframe.wp-embedded-content\"),r=0;r<s.length;r++)(t=(e=s[r]).getAttribute(\"data-secret\"))||(t=Math.random().toString(36).substring(2,12),e.src+=\"#?secret=\"+t,e.setAttribute(\"data-secret\",t)),e.contentWindow.postMessage({message:\"ready\",secret:t},\"*\")},!1)))}(window,document);\n\/\/# sourceURL=https:\/\/fh-group.dk\/wp-includes\/js\/wp-embed.min.js\n\/* ]]> *\/\n<\/script>\n","thumbnail_url":"https:\/\/fh-group.dk\/wp-content\/uploads\/Baeredygtighed-scaled.jpg","thumbnail_width":2560,"thumbnail_height":1441,"description":"Wir streben an, dass unsere Arbeit mit dem Teil der Strategie, bei dem es um Nachhaltigkeit geht, im Inneren beginnt und nach au\u00dfen w\u00e4chst. Bei den ersten Schritten ging es daher darum, ein gemeinsames Verst\u00e4ndnis daf\u00fcr zu schaffen."}

Wir streben an, dass unsere Arbeit mit dem Teil der Strategie, bei dem es um Nachhaltigkeit geht, im Inneren beginnt und nach außen wächst. Bei den ersten Schritten ging es daher darum, ein gemeinsames Verständnis dafür zu schaffen.
